{"id":902,"date":"2015-04-21T13:52:59","date_gmt":"2015-04-21T11:52:59","guid":{"rendered":"http:\/\/www.mainslibres.asso.fr\/wordpress\/?page_id=902"},"modified":"2015-04-27T08:21:02","modified_gmt":"2015-04-27T06:21:02","slug":"collecte-au-g20-rue-des-bourdonnais-du-3-octobre-2009","status":"publish","type":"page","link":"https:\/\/www.mainslibres.asso.fr\/wordpress\/collecte-au-g20-rue-des-bourdonnais-du-3-octobre-2009\/","title":{"rendered":"Collecte alimentaire au G20 rue des Bourdonnais 3 octobre 2009"},"content":{"rendered":"<p>&nbsp;<\/p>\n<p><img loading=\"lazy\" decoding=\"async\" class=\"alignnone size-full wp-image-609\" src=\"https:\/\/www.mainslibres.asso.fr\/wordpress\/wp-content\/uploads\/2015\/04\/G201.gif\" alt=\"G20\" width=\"350\" height=\"263\" \/><\/p>\n<p>La collecte alimentaire au G20 de la rue des Bourdonnais<br \/>\ns'est tr\u00e8s bien d\u00e9roul\u00e9e avec la participation de :<br \/>\nPhilippe D, Chantal, Fr\u00e9d\u00e9ric, Fran\u00e7ois, Jean pour les SDF<br \/>\net de Gilles Joseph, Fr\u00e9d\u00e9rique, Emily pour les ADF<br \/>\nElisabeth est \u00e9galement pass\u00e9e nous voir.<\/p>\n<p>Voici les chiffres de la collecte<br \/>\n(entre parenth\u00e8ses, pour comparaison, les chiffres de l'an dernier) :<\/p>\n<p>- 28,5kg de sucre (31)<br \/>\n- 14kg caf\u00e9 (10)<br \/>\n- 12,1kg chocolat poudre (8,2)<br \/>\n- 1,550kg caf\u00e9 instantan\u00e9 (1,9)<br \/>\n- 635 sachets de th\u00e9 (880)<br \/>\n- 250 sachets infusion (25)<br \/>\n- 9kg lait poudre (10)<br \/>\n- 17 tablettes de chocolat (7)<br \/>\n- 90 paquets de gateaux divers (78)<br \/>\n- 4 pots de confiture (2)<br \/>\n- 20 sachets de soupe instantan\u00e9 (12)<br \/>\n- 320 gobelets (650)<br \/>\n- 23 rouleaux de sopalin (26)<br \/>\n- 10 flacons produit vaisselle (6)<br \/>\n- 0 boites de filtres pour cafeti\u00e8re (4)<\/p>\n","protected":false},"excerpt":{"rendered":"<p>&nbsp; La collecte alimentaire au G20 de la rue des Bourdonnais s'est tr\u00e8s bien d\u00e9roul\u00e9e avec la participation de : Philippe D, Chantal, Fr\u00e9d\u00e9ric, Fran\u00e7ois, Jean pour les SDF et de Gilles Joseph, Fr\u00e9d\u00e9rique, Emily pour les ADF Elisabeth est \u00e9galement pass\u00e9e nous voir. Voici les chiffres de la collecte (entre parenth\u00e8ses, pour comparaison, les &hellip; <a href=\"https:\/\/www.mainslibres.asso.fr\/wordpress\/collecte-au-g20-rue-des-bourdonnais-du-3-octobre-2009\/\" class=\"more-link\">Continuer la lecture de <span class=\"screen-reader-text\">Collecte alimentaire au G20 rue des Bourdonnais 3 octobre 2009<\/span>  <span class=\"meta-nav\">&rarr;<\/span><\/a><\/p>\n","protected":false},"author":4,"featured_media":0,"parent":0,"menu_order":0,"comment_status":"closed","ping_status":"closed","template":"","meta":{"_monsterinsights_skip_tracking":false,"_monsterinsights_sitenote_active":false,"_monsterinsights_sitenote_note":"","_monsterinsights_sitenote_category":0,"footnotes":""},"class_list":["post-902","page","type-page","status-publish","hentry"],"_links":{"self":[{"href":"https:\/\/www.mainslibres.asso.fr\/wordpress\/wp-json\/wp\/v2\/pages\/902","targetHints":{"allow":["GET"]}}],"collection":[{"href":"https:\/\/www.mainslibres.asso.fr\/wordpress\/wp-json\/wp\/v2\/pages"}],"about":[{"href":"https:\/\/www.mainslibres.asso.fr\/wordpress\/wp-json\/wp\/v2\/types\/page"}],"author":[{"embeddable":true,"href":"https:\/\/www.mainslibres.asso.fr\/wordpress\/wp-json\/wp\/v2\/users\/4"}],"replies":[{"embeddable":true,"href":"https:\/\/www.mainslibres.asso.fr\/wordpress\/wp-json\/wp\/v2\/comments?post=902"}],"version-history":[{"count":6,"href":"https:\/\/www.mainslibres.asso.fr\/wordpress\/wp-json\/wp\/v2\/pages\/902\/revisions"}],"predecessor-version":[{"id":1029,"href":"https:\/\/www.mainslibres.asso.fr\/wordpress\/wp-json\/wp\/v2\/pages\/902\/revisions\/1029"}],"wp:attachment":[{"href":"https:\/\/www.mainslibres.asso.fr\/wordpress\/wp-json\/wp\/v2\/media?parent=902"}],"curies":[{"name":"wp","href":"https:\/\/api.w.org\/{rel}","templated":true}]}}

<p>&nbsp;</p>
<p><img loading="lazy" decoding="async" class="alignnone size-full wp-image-609" src="https://www.mainslibres.asso.fr/wordpress/wp-content/uploads/2015/04/G201.gif" alt="G20" width="350" height="263" /></p>
<p>La collecte alimentaire au G20 de la rue des Bourdonnais<br />
s'est très bien déroulée avec la participation de :<br />
Philippe D, Chantal, Frédéric, François, Jean pour les SDF<br />
et de Gilles Joseph, Frédérique, Emily pour les ADF<br />
Elisabeth est également passée nous voir.</p>
<p>Voici les chiffres de la collecte<br />
(entre parenthèses, pour comparaison, les chiffres de l'an dernier) :</p>
<p>- 28,5kg de sucre (31)<br />
- 14kg café (10)<br />
- 12,1kg chocolat poudre (8,2)<br />
- 1,550kg café instantané (1,9)<br />
- 635 sachets de thé (880)<br />
- 250 sachets infusion (25)<br />
- 9kg lait poudre (10)<br />
- 17 tablettes de chocolat (7)<br />
- 90 paquets de gateaux divers (78)<br />
- 4 pots de confiture (2)<br />
- 20 sachets de soupe instantané (12)<br />
- 320 gobelets (650)<br />
- 23 rouleaux de sopalin (26)<br />
- 10 flacons produit vaisselle (6)<br />
- 0 boites de filtres pour cafetière (4)</p>

<p>&nbsp; La collecte alimentaire au G20 de la rue des Bourdonnais s'est très bien déroulée avec la participation de : Philippe D, Chantal, Frédéric, François, Jean pour les SDF et de Gilles Joseph, Frédérique, Emily pour les ADF Elisabeth est également passée nous voir. Voici les chiffres de la collecte (entre parenthèses, pour comparaison, les &hellip; <a href="https://www.mainslibres.asso.fr/wordpress/collecte-au-g20-rue-des-bourdonnais-du-3-octobre-2009/" class="more-link">Continuer la lecture de <span class="screen-reader-text">Collecte alimentaire au G20 rue des Bourdonnais 3 octobre 2009</span>  <span class="meta-nav">&rarr;</span></a></p>
