{"id":877,"date":"2015-04-21T08:25:51","date_gmt":"2015-04-21T06:25:51","guid":{"rendered":"http:\/\/www.mainslibres.asso.fr\/wordpress\/?page_id=877"},"modified":"2015-04-27T08:20:21","modified_gmt":"2015-04-27T06:20:21","slug":"collecte-alimentaire-au-franprix-rue-montorgueil-3-avril-2010","status":"publish","type":"page","link":"https:\/\/www.mainslibres.asso.fr\/wordpress\/collecte-alimentaire-au-franprix-rue-montorgueil-3-avril-2010\/","title":{"rendered":"Collecte alimentaire au Franprix rue Montorgueil 3 avril 2010"},"content":{"rendered":"<p><img loading=\"lazy\" decoding=\"async\" src=\"https:\/\/www.mainslibres.asso.fr\/wordpress\/wp-content\/uploads\/2015\/04\/Collecte-2010.gif\" alt=\"Collecte-2010\" width=\"263\" height=\"350\" class=\"alignnone size-full wp-image-874\" \/><\/p>\n<p>Daniel, Christine, Bernard et Jean<\/p>\n<p>La collecte alimentaire au Franprix du bas de la Rue Montorgueil s'est tr\u00e8s bien d\u00e9roul\u00e9e avec la participation de : Jean REDEUIL, Daniel TOUDERTE, Philippe DUPAGNE, Martine MARTIN, Fran\u00e7ois VASTEL, Catherine SIMONNET, Anne SARFATI, Gilles POURBAIX, Christine BARA, G\u00e9raldine ANDRE, Yolaine BOUVIALA, Fr\u00e9d\u00e9rique COLSON, Anne RUSCIO et Bernard DUBOIS.<br \/>\nUn excellent accueil de la part des habitants du quartier et il a \u00e9t\u00e9 aussi ramass\u00e9 une cinquantaine d'euros de la part de personnes qui n'avaient pas le temps de faire des courses.<br \/>\nCet argent a \u00e9t\u00e9 aussit\u00f4t r\u00e9investi dans l'achat de marchandises.<\/p>\n<p>Voici la liste des produits collect\u00e9s :<\/p>\n<p>- 25,5 kg de caf\u00e9<br \/>\n- 51,5 kg de sucre<br \/>\n- 21 kg de chocolat en poudre<br \/>\n- 1555 sachets de th\u00e9s divers<br \/>\n- 5 kg de caf\u00e9 soluble<br \/>\n- 22 bo\u00eetes de lait en poudre (bo\u00eete de 300gr)<br \/>\n- 175 paquets de divers g\u00e2teaux<br \/>\n- 2,6 kg de Nutella<br \/>\n- 12 pots de confiture<br \/>\n- 13 plaques de chocolat<br \/>\n- 8 litres de jus de fruits<br \/>\n- 36 rouleaux de sopalin<br \/>\n- 2 grands et 15 petits flacons de produits vaisselle<br \/>\n- 80 tasses plastiques<br \/>\n- 150 petits gobelets<br \/>\n- 1725 grands gobelets<\/p>\n","protected":false},"excerpt":{"rendered":"<p>Daniel, Christine, Bernard et Jean La collecte alimentaire au Franprix du bas de la Rue Montorgueil s'est tr\u00e8s bien d\u00e9roul\u00e9e avec la participation de : Jean REDEUIL, Daniel TOUDERTE, Philippe DUPAGNE, Martine MARTIN, Fran\u00e7ois VASTEL, Catherine SIMONNET, Anne SARFATI, Gilles POURBAIX, Christine BARA, G\u00e9raldine ANDRE, Yolaine BOUVIALA, Fr\u00e9d\u00e9rique COLSON, Anne RUSCIO et Bernard DUBOIS. Un &hellip; <a href=\"https:\/\/www.mainslibres.asso.fr\/wordpress\/collecte-alimentaire-au-franprix-rue-montorgueil-3-avril-2010\/\" class=\"more-link\">Continuer la lecture de <span class=\"screen-reader-text\">Collecte alimentaire au Franprix rue Montorgueil 3 avril 2010<\/span>  <span class=\"meta-nav\">&rarr;<\/span><\/a><\/p>\n","protected":false},"author":4,"featured_media":0,"parent":0,"menu_order":0,"comment_status":"closed","ping_status":"closed","template":"","meta":{"_monsterinsights_skip_tracking":false,"_monsterinsights_sitenote_active":false,"_monsterinsights_sitenote_note":"","_monsterinsights_sitenote_category":0,"footnotes":""},"class_list":["post-877","page","type-page","status-publish","hentry"],"_links":{"self":[{"href":"https:\/\/www.mainslibres.asso.fr\/wordpress\/wp-json\/wp\/v2\/pages\/877","targetHints":{"allow":["GET"]}}],"collection":[{"href":"https:\/\/www.mainslibres.asso.fr\/wordpress\/wp-json\/wp\/v2\/pages"}],"about":[{"href":"https:\/\/www.mainslibres.asso.fr\/wordpress\/wp-json\/wp\/v2\/types\/page"}],"author":[{"embeddable":true,"href":"https:\/\/www.mainslibres.asso.fr\/wordpress\/wp-json\/wp\/v2\/users\/4"}],"replies":[{"embeddable":true,"href":"https:\/\/www.mainslibres.asso.fr\/wordpress\/wp-json\/wp\/v2\/comments?post=877"}],"version-history":[{"count":5,"href":"https:\/\/www.mainslibres.asso.fr\/wordpress\/wp-json\/wp\/v2\/pages\/877\/revisions"}],"predecessor-version":[{"id":1028,"href":"https:\/\/www.mainslibres.asso.fr\/wordpress\/wp-json\/wp\/v2\/pages\/877\/revisions\/1028"}],"wp:attachment":[{"href":"https:\/\/www.mainslibres.asso.fr\/wordpress\/wp-json\/wp\/v2\/media?parent=877"}],"curies":[{"name":"wp","href":"https:\/\/api.w.org\/{rel}","templated":true}]}}