{"version":"1.0","provider_name":"Bagagerie pour SDF du quartier des Halles","provider_url":"https:\/\/www.mainslibres.asso.fr\/wordpress","author_name":"Mains Libres","author_url":"https:\/\/www.mainslibres.asso.fr\/wordpress\/author\/mains-libres\/","title":"F\u00eate du Jardin Extraordinaire 30 mai 2015 - Bagagerie pour SDF du quartier des Halles","type":"rich","width":600,"height":338,"html":"<blockquote class=\"wp-embedded-content\" data-secret=\"caQFm7aZN8\"><a href=\"https:\/\/www.mainslibres.asso.fr\/wordpress\/fete-du-jardin-extraordinaire-2015\/\">F\u00eate du Jardin Extraordinaire 30 mai 2015<\/a><\/blockquote><iframe sandbox=\"allow-scripts\" security=\"restricted\" src=\"https:\/\/www.mainslibres.asso.fr\/wordpress\/fete-du-jardin-extraordinaire-2015\/embed\/#?secret=caQFm7aZN8\" width=\"600\" height=\"338\" title=\"\u00ab\u00a0F\u00eate du Jardin Extraordinaire 30 mai 2015\u00a0\u00bb &#8212; Bagagerie pour SDF du quartier des Halles\" data-secret=\"caQFm7aZN8\" frameborder=\"0\" marginwidth=\"0\" marginheight=\"0\" scrolling=\"no\" class=\"wp-embedded-content\"><\/iframe><script>\n\/*! This file is auto-generated *\/\n!function(d,l){\"use strict\";l.querySelector&&d.addEventListener&&\"undefined\"!=typeof URL&&(d.wp=d.wp||{},d.wp.receiveEmbedMessage||(d.wp.receiveEmbedMessage=function(e){var t=e.data;if((t||t.secret||t.message||t.value)&&!\/[^a-zA-Z0-9]\/.test(t.secret)){for(var s,r,n,a=l.querySelectorAll('iframe[data-secret=\"'+t.secret+'\"]'),o=l.querySelectorAll('blockquote[data-secret=\"'+t.secret+'\"]'),c=new RegExp(\"^https?:$\",\"i\"),i=0;i<o.length;i++)o[i].style.display=\"none\";for(i=0;i<a.length;i++)s=a[i],e.source===s.contentWindow&&(s.removeAttribute(\"style\"),\"height\"===t.message?(1e3<(r=parseInt(t.value,10))?r=1e3:~~r<200&&(r=200),s.height=r):\"link\"===t.message&&(r=new URL(s.getAttribute(\"src\")),n=new URL(t.value),c.test(n.protocol))&&n.host===r.host&&l.activeElement===s&&(d.top.location.href=t.value))}},d.addEventListener(\"message\",d.wp.receiveEmbedMessage,!1),l.addEventListener(\"DOMContentLoaded\",function(){for(var e,t,s=l.querySelectorAll(\"iframe.wp-embedded-content\"),r=0;r<s.length;r++)(t=(e=s[r]).getAttribute(\"data-secret\"))||(t=Math.random().toString(36).substring(2,12),e.src+=\"#?secret=\"+t,e.setAttribute(\"data-secret\",t)),e.contentWindow.postMessage({message:\"ready\",secret:t},\"*\")},!1)))}(window,document);\n\/\/# sourceURL=https:\/\/www.mainslibres.asso.fr\/wordpress\/wp-includes\/js\/wp-embed.min.js\n<\/script>\n","description":"Merci \u00e0 tous ceux d'entre vous qui ont \u0153uvr\u00e9 sans compter leur temps ni leur peine pour la r\u00e9ussite de la f\u00eate du Jardin Extraordinaire. Merci Elisa, Elisabeth, Fran\u00e7ois A., Fran\u00e7ois V., Fran\u00e7oise, Jean, Jos\u00e9, Khoa, \u00a0Lo\u00efc, Pablo,Rachid, Sergio! Gr\u00e2ce \u00e0 vous, nous avons pu installer les stands, les \u00e9quiper de tout le mat\u00e9riel n\u00e9cessaire, &hellip; Continuer la lecture de  &rarr;"}

Fête du Jardin Extraordinaire 30 mai 2015 - Bagagerie pour SDF du quartier des Halles

<blockquote class="wp-embedded-content" data-secret="caQFm7aZN8"><a href="https://www.mainslibres.asso.fr/wordpress/fete-du-jardin-extraordinaire-2015/">Fête du Jardin Extraordinaire 30 mai 2015</a></blockquote><iframe sandbox="allow-scripts" security="restricted" src="https://www.mainslibres.asso.fr/wordpress/fete-du-jardin-extraordinaire-2015/embed/#?secret=caQFm7aZN8" width="600" height="338" title="« Fête du Jardin Extraordinaire 30 mai 2015 » &#8212; Bagagerie pour SDF du quartier des Halles" data-secret="caQFm7aZN8" frameborder="0" marginwidth="0" marginheight="0" scrolling="no" class="wp-embedded-content"></iframe><script>
/*! This file is auto-generated */
!function(d,l){"use strict";l.querySelector&&d.addEventListener&&"undefined"!=typeof URL&&(d.wp=d.wp||{},d.wp.receiveEmbedMessage||(d.wp.receiveEmbedMessage=function(e){var t=e.data;if((t||t.secret||t.message||t.value)&&!/[^a-zA-Z0-9]/.test(t.secret)){for(var s,r,n,a=l.querySelectorAll('iframe[data-secret="'+t.secret+'"]'),o=l.querySelectorAll('blockquote[data-secret="'+t.secret+'"]'),c=new RegExp("^https?:$","i"),i=0;i<o.length;i++)o[i].style.display="none";for(i=0;i<a.length;i++)s=a[i],e.source===s.contentWindow&&(s.removeAttribute("style"),"height"===t.message?(1e3<(r=parseInt(t.value,10))?r=1e3:~~r<200&&(r=200),s.height=r):"link"===t.message&&(r=new URL(s.getAttribute("src")),n=new URL(t.value),c.test(n.protocol))&&n.host===r.host&&l.activeElement===s&&(d.top.location.href=t.value))}},d.addEventListener("message",d.wp.receiveEmbedMessage,!1),l.addEventListener("DOMContentLoaded",function(){for(var e,t,s=l.querySelectorAll("iframe.wp-embedded-content"),r=0;r<s.length;r++)(t=(e=s[r]).getAttribute("data-secret"))||(t=Math.random().toString(36).substring(2,12),e.src+="#?secret="+t,e.setAttribute("data-secret",t)),e.contentWindow.postMessage({message:"ready",secret:t},"*")},!1)))}(window,document);
//# sourceURL=https://www.mainslibres.asso.fr/wordpress/wp-includes/js/wp-embed.min.js
</script>

Merci à tous ceux d'entre vous qui ont œuvré sans compter leur temps ni leur peine pour la réussite de la fête du Jardin Extraordinaire. Merci Elisa, Elisabeth, François A., François V., Françoise, Jean, José, Khoa,  Loïc, Pablo,Rachid, Sergio! Grâce à vous, nous avons pu installer les stands, les équiper de tout le matériel nécessaire, &hellip; Continuer la lecture de  &rarr;
